derivative of n**3/3 + 15*n**2 + 21*n - 145. Give m(-29).
-8
Let b(m) = 5*m**3 + 3*m**2 - 3*m + 46. Let r(w) = -7*w**3 - 4*w**2 + 3*w - 45. Let a(c) = -4*b(c) - 3*r(c). Calculate a(0).
-49
Let f(y) = -74*y - 14. Let c be f(-1). Let i be ((-5)/2)/(-5*5/c). Let d(t) = -t**3 + 7*t**2 - 7*t - 8. Determine d(i).
-14
Let g(b) be the third derivative of b**5/60 + 7*b**4/8 - 25*b**3/6 + 3524*b**2. What is g(-17)?
-93
Let p(i) = i**2 + 5. Suppose 5*s - 20 = -2*b, -2*s + 0*s - b = -7. Suppose 0 = -0*v + s*v - 14*v. Give p(v).
5
Let i = -131 - -124. Let g be 8 + (0 - 3) + -1. Let m(r) = 7 + 5 + 2*r - g. What is m(i)?
-6
Let y be ((-6)/5)/(6/(-15)). Suppose -g = y*o + 2*g + 213, 0 = -3*o + 2*g - 238. Let w = -77 - o. Let c(s) = -4*s**3 - s - 1. Determine c(w).
4
Let l(u) = -u. Let d(t) be the first derivative of 12*t - 98. Let c(j) = -d(j) + 3*l(j). Give c(-6).
6
Let n(u) = 3*u**2 + u - 5. Suppose 9*b + 18 = -0. Let x be n(b). Let w(p) = -p**3 + 4*p**2 + 6*p - 7. Calculate w(x).
-2
Let o(m) = m**3 + m**2 + m. Let j(s) = -2*s**3 - 4*s**2 + 2*s + 6. Let r(c) = j(c) + o(c). Let x = 4257 + -4261. Calculate r(x).
10
Let a(i) = -i**2 + 4*i + 5. Let k be (2 + -3)*10/(-2). Let q be a(k). Let s(l) be the first derivative of l**2/2 + 4*l - 14. Give s(q).
4
Let s = 4907 + -4893. Let z(f) = -f**2 + 18*f - 11. What is z(s)?
45
Let c(i) be the second derivative of 2*i**3/3 + 97*i**2/2 + 1261*i. What is c(-27)?
-11
Let c(d) = 6*d + 21. Let f(s) = -6*s - 22. Let z(v) = 3*c(v) + 4*f(v). Let o be z(-5). Let q(p) = -p**2 + p + 6. What is q(o)?
-14
Let t be (-72)/9*(-3)/(-6). Let o(p) = -3*p**3 - 7*p**2 + p - 6. Let m(q) = -q**3 - 1. Let w(n) = t*m(n) + o(n). Give w(7).
5
Let x = 26308 - 26275. Let v(w) = -4*w + 136. Determine v(x).
4
Suppose -3*v = -2 + 8. Let o(m) = -100*m - 1002. Let u be o(-10). Let a be u/v - (-2 - (-9)/3). Let x(y) = y - 5. Determine x(a).
-5
Let y be 3*(-4)/(-6) - -1. Let q(g) = 6*g**2 + y*g**2 + 239 - 245 + g**3. Give q(-9).
-6
Suppose 0 = 6*d - 4*d + 4*d. Let o(u) = 1 - 15*u + 8*u + d + 3*u. Calculate o(2).
-7
Let b = -203 - -264. Let m be (-782)/12 - 1/(-6). Let v = m + b. Let l(w) = w + 9. What is l(v)?
5
Let t(s) = -9*s**2 + 102*s + 44. Let l(x) = -4*x**2 + 47*x + 21. Let o(r) = 7*l(r) - 3*t(r). Give o(11).
147
Suppose 0 = 5*y, -3*o - 3 = -320*y + 315*y. Let z(n) = 6*n + 14. Let v(r) = -r - 3. Let h(t) = 14*v(t) + 3*z(t). Give h(o).
-4
Let o(v) = -9*v + 59. Suppose -46689*p + 46684*p + 30 = 0. Give o(p).
5
Let m(c) = 46*c - 21. Let h(a) = -38*a + 19. Let b(n) = -7*h(n) - 6*m(n). Give b(6).
-67
Let o(p) = -16*p**2 - 11*p - 3. Let j(f) = 5*f**2 + 4*f + 1. Let n(u) = 8*j(u) + 3*o(u). Let w = -1054 - -1052. What is n(w)?
-31
Let r be -1 - (0 + -1 - 25). Let f = r - 31. Let v(p) = -95*p + 7 + 7 + 49*p + 47*p. Give v(f).
8
Let c be (-39)/21 - -1*(-6)/42. Let h(t) = -5*t**2 - 3*t - 4. Let i(k) = -7 - 9*k**2 + k - 7*k + 2*k - k. Let r(q) = 7*h(q) - 4*i(q). Calculate r(c).
6
Let i(n) = 0*n**2 + 6 - 3*n - n**2 + 4. Suppose 4*s = -f - 39, -4*s - 14462*f + 14466*f + 36 = 0. Calculate i(s).
-8
Let d(y) be the third derivative of -y**5/60 + y**4/6 + 5*y**3/6 - 6*y**2 + 405*y. Suppose 5*w = -s + 2*s + 23, 0 = -5*w + 4*s + 17. Calculate d(w).
0
Let z(i) = -132*i + 1090. Let a(p) = -66*p + 595. Let f(g) = -11*a(g) + 6*z(g). Determine f(-1).
61
Let s(o) be the first derivative of o**4/4 + 13*o**3 - 39*o**2/2 + 32*o - 906. Calculate s(-40).
-8
Suppose 3*o - 3*d - 15 = 0, o + 2*d + 10 = -2*d. Let f(x) = -60*x - x**o + 53*x - 27 + 32. Let l(t) = -7*t**2 + 1. Let y be l(-1). Give f(y).
11
Let d(q) be the first derivative of q**7/420 + q**6/180 - q**4/24 - 23*q**3 + q**2/2 - 81. Let i(l) be the third derivative of d(l). Give i(-1).
-1
Let n(s) be the third derivative of 0 + 0*s + 1/24*s**4 - 2/3*s**3 - 25*s**2. Suppose -q + 0*q - 4*x - 1 = 0, 3*q - 3*x = 27. Determine n(q).
3
Suppose -5*j = -4*j - 2*v - 7, v = -3. Let u(b) = -b**3 + b**2 - 2. Let f(a) = 2*a**3 - 2*a**2 + 2*a + 5. Let t(l) = f(l) + 3*u(l). Calculate t(j).
1
Let f(q) be the second derivative of 4*q**3/3 + 9*q**2/2 + 780*q - 2. Determine f(-2).
-7
Let y(j) = 5*j - 3. Let z be y(1). Let x(m) = m**z - 16*m + 34*m + 4 + 0 + 0 - 14*m. Give x(-4).
4
Suppose -72*d - 21790 = -62*d. Let i = -2189 - d. Let w(t) = -3*t + 6 + 4*t + 1. Calculate w(i).
-3
Let b(w) = -w**2 + 4*w + 5. Suppose -3*o + 155 = 4*h, -h - 4*o + 3 = -26. Let j be ((-105)/(-18))/((-17)/(-102)). Let g = h - j. What is b(g)?
-7
Let z(x) = -50*x - 2. Let o(h) = 6*h + 2. Let u(g) = 18*o(g) + 2*z(g). Give u(-5).
-8
Let r(a) be the first derivative of -1/120*a**5 - 6*a**3 - 3 - 1/24*a**4 - 1/60*a**6 + 0*a**2 + 0*a. Let n(t) be the third derivative of r(t). Give n(-1).
-6
Let i(t) = -62 - 56*t - 27*t + 76*t + 14. Give i(-8).
8
Let b(u) = 36*u - 3*u**3 - 11231 + 2*u**3 + 11244 + 10*u**2 - 37*u. Let j = 6 - -1. Suppose 8*a - 10 = j*a. Determine b(a).
3
Let m = -212 + 217. Let h be (m/2)/((-8)/16)*-1. Let b(t) = -3*t**2 + 12*t + 4. Let g(a) = -a**2 + 4*a + 1. Let x(f) = -4*b(f) + 11*g(f). What is x(h)?
0
Let w(g) = -g + 12. Let p(i) = 248*i - 989. Let m be p(4). Calculate w(m).
9
Let s(d) be the third derivative of d**7/840 - d**6/40 + d**5/60 - 19*d**3/3 + 96*d**2. Let i(m) be the first derivative of s(m). Calculate i(9).
18
Let g(h) = -h**2 + 3*h - 2. Let c be (-7)/3 - (-5)/15. Let u be (39/(-26))/(c/4). Suppose -2*a + s + 3 = 0, -5*a + 21 = u*s - 14. What is g(a)?
-6
Suppose -36*j - 30 = -26*j. Let l be -4 - (21/1)/j. Let s(v) = v**2 - 2*v + 3. Give s(l).
6
Let x(o) = o**3 - 19*o**2 + 33*o + 24. Let k be x(17). Let s(p) = p**3 - 6*p**2 - 4*p - 16. What is s(k)?
5
Let h(f) = -2*f**2 + 61*f - 67. Let y be h(28). Let a(u) = u**2 + 80*u - 2 + 11 - y*u. Give a(-6).
3
Suppose -14 = -11*m + 4*m. Let w(i) = -7*i**2 + 9*i**2 - 4*i**m. Determine w(-3).
-18
Let x(f) = f**2 - 9*f. Let r(p) = p**3 + 10*p**2 + 12*p + 2. Let h be r(-9). Let k be 5/h + (-506)/(-55). Give x(k).
0
Let b(t) = 17 - 6*t + 3*t**2 + 13 + 34 - 2*t**2 + 30*t. Determine b(-21).
1
Let y(o) be the second derivative of -o**4/6 - o**3/6 - 2975*o. Let h(q) = q - 8. Let w be h(6). Determine y(w).
-6
Let l(d) = d**3 + 2*d**2 - 37*d - 98. Let t be l(-3). Let j(b) = -2*b**2 + 12*b - 16. What is j(t)?
0
Suppose -4*y = -0*l + 3*l - 34, 2*y + 22 = 5*l. Let a(f) be the third derivative of 0*f - 2/3*f**3 + 0 + 2*f**2 + 1/12*f**4 - 1/10*f**5 + 1/120*f**6. Give a(l).
8
Suppose -2*p + 7*p + 30 = 0. Let t(s) be the second derivative of -1/20*s**5 + 0 - 7/12*s**4 - 3*s + 7/2*s**2 - s**3. What is t(p)?
7
Let a(d) = d**3 + d - 1. Let j(w) be the second derivative of -1/2*w**2 + 1/12*w**4 + 1/5*w**5 + 1/6*w**3 - 14*w + 0. Let v(r) = 3*a(r) - j(r). Calculate v(2).
-10
Let t(n) = n**3 + 7*n**2 + 8*n + 8. Suppose -6 = -7*x + 15. Suppose 5*k = -27 - x. Give t(k).
-4
Let d(b) = b**2 + b - 3. Let l(a) = 48*a + 3. Let m be l(0). Let n be (2 - -8)*(-3)/(-1). Suppose m*h + n = 30. What is d(h)?
-3
Let d(w) = 65*w**3 + 11*w**2 + 58*w + 41. Let m(j) = 29*j**3 + 6*j**2 + 27*j + 20. Let c(k) = -4*d(k) + 9*m(k). Calculate c(-9).
-2
Suppose -22 = -5*u - 2. Let s(c) = c**3 - 3*c**2 - 4*c + 5. Let o be s(u). Let v(w) = -2847*w + 4 - 4 + 1425*w + 1425*w. Determine v(o).
15
Let s(o) be the third derivative of -o**4/6 + 7*o**3/3 + 69*o**2 - 18. Give s(5).
-6
Let d be (2 - (1 - 0 - -1)) + 48. Let c = d - 45. Let u(o) = o**c + 1285*o + 4*o**2 - 1285*o - 3. Give u(-4).
-3
Let j(f) = 2*f - 18. Suppose 71*r = 73*r - 10. Let q be j(r). Let x(z) = z**2 + 7*z + 10. Determine x(q).
18
Let l(v) = -40*v + 126. Let w be l(-11). Let p(u) = -560*u + u**2 - 5 + w*u + 0*u**2 + 8. Calculate p(-5).
-2
Let o(t) be the third derivative of -t**6/120 - 2*t**5/15 - t**4/4 - 5*t**3/6 + 1299*t**2. Determine o(-7).
-12
Let o(p) = -p**3 + 5*p**2 - 8*p + 21. Suppose u + 5*u = 5*u + 4. What is o(u)?
5
Suppose -3*p - 4 = -2*t, 4*t - 10 = -5*p - t. Let f(b) = b + 6*b - 6*b - 4 + p*b. Determine f(0).
-4
Let g be 7 - 6 - 1 - (-6 + 1). Let q(w) = -2*w**2 + 14*w - 23. Let l(r) = -r**2 + 7*r - 11. Let j be (-7)/1 - (-3)/1. Let n(b) = j*q(b) + 9*l(b). What is n(g)?
3
Let m(z) = 1545*z - 35 + 2*z**2 - 3*z**2 - 775*z - 786*z. Calculate m(-7).
28
Let f(w) be the second derivative of 2*w**3/3 - 57*w**2/2 + 1202*w. Determine f(13).
-5
Let j(g) = -5*g**3 - 52*g**2 + 4*g - 